{"id":22,"date":"2011-06-09T10:56:40","date_gmt":"2011-06-09T10:56:40","guid":{"rendered":"http:\/\/somortopedia.es\/?post_type=product&#038;p=22"},"modified":"2017-06-27T16:16:58","modified_gmt":"2017-06-27T16:16:58","slug":"cojin-antiescaras-de-posicionamiento-jay-active","status":"publish","type":"product","link":"https:\/\/somortopedia.es\/?product=cojin-antiescaras-de-posicionamiento-jay-active","title":{"rendered":"Coj\u00edn antiescaras de posicionamiento Jay Active"},"content":{"rendered":"","protected":false},"excerpt":{"rendered":"<p>Gracias a su bolsa de fluido Jay especial, el coj\u00edn Jay Active ofrece una \u00f3ptima inmersi\u00f3n de las tuberosidades isqui\u00e1ticas reduciendo en gran medida la fricci\u00f3n en las transferencias y propulsi\u00f3n de los usuarios activos.<\/p>\n<p>Base de espuma ligera y contorneada con cu\u00f1as adductoras incorporadas para \u00f3ptimo posicionamiento de las extremidades inferiores.<\/p>\n<p>El soporte de muslos y troc\u00e1nteres proporciona estabilidad p\u00e9lvica lateral y posterior.<\/p>\n<p>Material suave, firme y con forma, que se adapta al usuario aumentando la superficie de contacto y protegiendo la sedestaci\u00f3n prolongada.<\/p>\n<p>Funda resistente a la incontinencia protegiendo la base y funda transpirable en contacto con el usuario.<\/p>\n<p>Peso m\u00e1ximo de usuario: 113Kg.<\/p>\n","protected":false},"featured_media":23,"comment_status":"open","ping_status":"closed","template":"","meta":[],"product_brand":[30],"product_cat":[23],"product_tag":[],"class_list":{"0":"post-22","1":"product","2":"type-product","3":"status-publish","4":"has-post-thumbnail","6":"product_brand-sunrise-medical","7":"product_cat-antiescaras-posicionamiento","9":"first","10":"instock","11":"purchasable","12":"product-type-simple"},"_links":{"self":[{"href":"https:\/\/somortopedia.es\/index.php?rest_route=\/wp\/v2\/product\/22","targetHints":{"allow":["GET"]}}],"collection":[{"href":"https:\/\/somortopedia.es\/index.php?rest_route=\/wp\/v2\/product"}],"about":[{"href":"https:\/\/somortopedia.es\/index.php?rest_route=\/wp\/v2\/types\/product"}],"replies":[{"embeddable":true,"href":"https:\/\/somortopedia.es\/index.php?rest_route=%2Fwp%2Fv2%2Fcomments&post=22"}],"wp:featuredmedia":[{"embeddable":true,"href":"https:\/\/somortopedia.es\/index.php?rest_route=\/wp\/v2\/media\/23"}],"wp:attachment":[{"href":"https:\/\/somortopedia.es\/index.php?rest_route=%2Fwp%2Fv2%2Fmedia&parent=22"}],"wp:term":[{"taxonomy":"product_brand","embeddable":true,"href":"https:\/\/somortopedia.es\/index.php?rest_route=%2Fwp%2Fv2%2Fproduct_brand&post=22"},{"taxonomy":"product_cat","embeddable":true,"href":"https:\/\/somortopedia.es\/index.php?rest_route=%2Fwp%2Fv2%2Fproduct_cat&post=22"},{"taxonomy":"product_tag","embeddable":true,"href":"https:\/\/somortopedia.es\/index.php?rest_route=%2Fwp%2Fv2%2Fproduct_tag&post=22"}],"curies":[{"name":"wp","href":"https:\/\/api.w.org\/{rel}","templated":true}]}}