{"id":28,"date":"2011-06-25T23:15:25","date_gmt":"2011-06-25T23:15:25","guid":{"rendered":"http:\/\/somortopedia.es\/?post_type=product&#038;p=28"},"modified":"2017-06-27T16:17:33","modified_gmt":"2017-06-27T16:17:33","slug":"quickie-xenon","status":"publish","type":"product","link":"https:\/\/somortopedia.es\/?product=quickie-xenon","title":{"rendered":"Quickie Xenon"},"content":{"rendered":"","protected":false},"excerpt":{"rendered":"<p>Quickie\u00ae ha combinado las t\u00e9cnicas m\u00e1s innovadoras en el moldeado del aluminio m\u00e1s ligero, con opciones high Tech para crear Xenon &#8211; la silla de ruedas plegable m\u00e1s ligera del mundo. Con un peso aproximado de 8.4 kg ,y la m\u00e1s innovadora tecnolog\u00eda en el sistema de plegado, Xenon es muy f\u00e1cil de plegar, de manejar y transportar. Adem\u00e1s tiene un dise\u00f1o basado en l\u00edneas muy limpias y depuradas, que hasta ahora s\u00f3lo pod\u00edas encontrar en sillas de ch\u00e1sis r\u00edgido.<\/p>\n","protected":false},"featured_media":29,"comment_status":"open","ping_status":"closed","template":"","meta":[],"product_brand":[30],"product_cat":[25],"product_tag":[],"class_list":{"0":"post-28","1":"product","2":"type-product","3":"status-publish","4":"has-post-thumbnail","6":"product_brand-sunrise-medical","7":"product_cat-sillas-manuales-activas","9":"first","10":"outofstock","11":"purchasable","12":"product-type-simple"},"_links":{"self":[{"href":"https:\/\/somortopedia.es\/index.php?rest_route=\/wp\/v2\/product\/28","targetHints":{"allow":["GET"]}}],"collection":[{"href":"https:\/\/somortopedia.es\/index.php?rest_route=\/wp\/v2\/product"}],"about":[{"href":"https:\/\/somortopedia.es\/index.php?rest_route=\/wp\/v2\/types\/product"}],"replies":[{"embeddable":true,"href":"https:\/\/somortopedia.es\/index.php?rest_route=%2Fwp%2Fv2%2Fcomments&post=28"}],"wp:featuredmedia":[{"embeddable":true,"href":"https:\/\/somortopedia.es\/index.php?rest_route=\/wp\/v2\/media\/29"}],"wp:attachment":[{"href":"https:\/\/somortopedia.es\/index.php?rest_route=%2Fwp%2Fv2%2Fmedia&parent=28"}],"wp:term":[{"taxonomy":"product_brand","embeddable":true,"href":"https:\/\/somortopedia.es\/index.php?rest_route=%2Fwp%2Fv2%2Fproduct_brand&post=28"},{"taxonomy":"product_cat","embeddable":true,"href":"https:\/\/somortopedia.es\/index.php?rest_route=%2Fwp%2Fv2%2Fproduct_cat&post=28"},{"taxonomy":"product_tag","embeddable":true,"href":"https:\/\/somortopedia.es\/index.php?rest_route=%2Fwp%2Fv2%2Fproduct_tag&post=28"}],"curies":[{"name":"wp","href":"https:\/\/api.w.org\/{rel}","templated":true}]}}