{"id":417,"date":"2017-06-27T15:42:07","date_gmt":"2017-06-27T15:42:07","guid":{"rendered":"http:\/\/somortopedia.es\/?post_type=product&#038;p=417"},"modified":"2017-06-27T15:42:07","modified_gmt":"2017-06-27T15:42:07","slug":"quickie-life","status":"publish","type":"product","link":"https:\/\/somortopedia.es\/?product=quickie-life","title":{"rendered":"Quickie Life"},"content":{"rendered":"","protected":false},"excerpt":{"rendered":"<p>Quickie Life es una silla de aluminio plegable que combina un armaz\u00f3n ligero y resistente con un look moderno. Disponible con Reposapi\u00e9s Fijos para una mayor ligereza y un look de silla m\u00e1s activo o con Reposapi\u00e9s Desmontables si deseas una silla m\u00e1s f\u00e1cil de plegar y transportar. Dise\u00f1ada para adaptarse a un estilo de vida activo, con diferentes opciones de configuraci\u00f3n. Quickie Life, toda una Quickie, ahora a tu alcance<\/p>\n","protected":false},"featured_media":323,"comment_status":"open","ping_status":"closed","template":"","meta":[],"product_brand":[],"product_cat":[25],"product_tag":[],"class_list":{"0":"post-417","1":"product","2":"type-product","3":"status-publish","4":"has-post-thumbnail","6":"product_cat-sillas-manuales-activas","8":"first","9":"instock","10":"taxable","11":"shipping-taxable","12":"product-type-simple"},"_links":{"self":[{"href":"https:\/\/somortopedia.es\/index.php?rest_route=\/wp\/v2\/product\/417","targetHints":{"allow":["GET"]}}],"collection":[{"href":"https:\/\/somortopedia.es\/index.php?rest_route=\/wp\/v2\/product"}],"about":[{"href":"https:\/\/somortopedia.es\/index.php?rest_route=\/wp\/v2\/types\/product"}],"replies":[{"embeddable":true,"href":"https:\/\/somortopedia.es\/index.php?rest_route=%2Fwp%2Fv2%2Fcomments&post=417"}],"wp:featuredmedia":[{"embeddable":true,"href":"https:\/\/somortopedia.es\/index.php?rest_route=\/wp\/v2\/media\/323"}],"wp:attachment":[{"href":"https:\/\/somortopedia.es\/index.php?rest_route=%2Fwp%2Fv2%2Fmedia&parent=417"}],"wp:term":[{"taxonomy":"product_brand","embeddable":true,"href":"https:\/\/somortopedia.es\/index.php?rest_route=%2Fwp%2Fv2%2Fproduct_brand&post=417"},{"taxonomy":"product_cat","embeddable":true,"href":"https:\/\/somortopedia.es\/index.php?rest_route=%2Fwp%2Fv2%2Fproduct_cat&post=417"},{"taxonomy":"product_tag","embeddable":true,"href":"https:\/\/somortopedia.es\/index.php?rest_route=%2Fwp%2Fv2%2Fproduct_tag&post=417"}],"curies":[{"name":"wp","href":"https:\/\/api.w.org\/{rel}","templated":true}]}}