{"id":420,"date":"2017-06-27T15:46:05","date_gmt":"2017-06-27T15:46:05","guid":{"rendered":"http:\/\/somortopedia.es\/?post_type=product&#038;p=420"},"modified":"2017-06-27T15:46:05","modified_gmt":"2017-06-27T15:46:05","slug":"bb-terra","status":"publish","type":"product","link":"https:\/\/somortopedia.es\/?product=bb-terra","title":{"rendered":"B+B Terra"},"content":{"rendered":"","protected":false},"excerpt":{"rendered":"<p>La nueva silla de ruedas el\u00e9ctrica Terra convence con su dise\u00f1o funcional y moderno, para su uso externo o en interiores. Es variablemente adaptable a las necesidades del usuario, p. ej. en la profundidad e inclinaci\u00f3n del asiento, con ajuste del respaldo y del \u00e1ngulo de las paletas del reposapi\u00e9s. Convincente en su relaci\u00f3n de precio\/rendimiento y con un equipamiento de alta calidad. Con iluminaci\u00f3n apta para utilizarla en la ciudad, integrada y protegida en el chasis lateral y equipada con confortable suspensi\u00f3n trasera e independiente, la silla Terra le acompa\u00f1a de forma segura en la ciudad y en el campo. La potente bater\u00eda tiene una autonom\u00eda aproximada de 32 km con una velocidad m\u00e1xima de 6 km\/h. Capacidad de carga 135 kg Peso total 88 kg incl. bater\u00eda Altura total 104,5 cm Anchura total 60,5 cm Largo total incl. paletas de reposapi\u00e9s 106 cm Largo total sin paletas de reposapi\u00e9s 85 cm Color del chasis Plata<\/p>\n","protected":false},"featured_media":275,"comment_status":"open","ping_status":"closed","template":"","meta":[],"product_brand":[],"product_cat":[33],"product_tag":[],"class_list":{"0":"post-420","1":"product","2":"type-product","3":"status-publish","4":"has-post-thumbnail","6":"product_cat-sillas-electricas","8":"first","9":"instock","10":"taxable","11":"shipping-taxable","12":"product-type-simple"},"_links":{"self":[{"href":"https:\/\/somortopedia.es\/index.php?rest_route=\/wp\/v2\/product\/420","targetHints":{"allow":["GET"]}}],"collection":[{"href":"https:\/\/somortopedia.es\/index.php?rest_route=\/wp\/v2\/product"}],"about":[{"href":"https:\/\/somortopedia.es\/index.php?rest_route=\/wp\/v2\/types\/product"}],"replies":[{"embeddable":true,"href":"https:\/\/somortopedia.es\/index.php?rest_route=%2Fwp%2Fv2%2Fcomments&post=420"}],"wp:featuredmedia":[{"embeddable":true,"href":"https:\/\/somortopedia.es\/index.php?rest_route=\/wp\/v2\/media\/275"}],"wp:attachment":[{"href":"https:\/\/somortopedia.es\/index.php?rest_route=%2Fwp%2Fv2%2Fmedia&parent=420"}],"wp:term":[{"taxonomy":"product_brand","embeddable":true,"href":"https:\/\/somortopedia.es\/index.php?rest_route=%2Fwp%2Fv2%2Fproduct_brand&post=420"},{"taxonomy":"product_cat","embeddable":true,"href":"https:\/\/somortopedia.es\/index.php?rest_route=%2Fwp%2Fv2%2Fproduct_cat&post=420"},{"taxonomy":"product_tag","embeddable":true,"href":"https:\/\/somortopedia.es\/index.php?rest_route=%2Fwp%2Fv2%2Fproduct_tag&post=420"}],"curies":[{"name":"wp","href":"https:\/\/api.w.org\/{rel}","templated":true}]}}