{"id":436,"date":"2017-06-27T15:55:42","date_gmt":"2017-06-27T15:55:42","guid":{"rendered":"http:\/\/somortopedia.es\/?post_type=product&#038;p=436"},"modified":"2017-06-27T15:55:43","modified_gmt":"2017-06-27T15:55:43","slug":"stream","status":"publish","type":"product","link":"https:\/\/somortopedia.es\/?product=stream","title":{"rendered":"Stream"},"content":{"rendered":"","protected":false},"excerpt":{"rendered":"<p>Es un modelo ideal tanto en interiores por su tama\u00f1o compacto, como en exteriores, gracias a sus ruedas grandes y su kit de luces integrado para m\u00e1s seguridad. Adem\u00e1s, ofrece m\u00faltiples ajustes como \u00e1ngulo de asiento y respaldo ajustable en tensi\u00f3n, altura de reposabrazos, etc&#8230; para poder adaptarse a las necesidades del usuario. Tracci\u00f3n trasera, bater\u00edas de 50 Ah, mando A-Series con soporte fijo. Montaje derecha o izquierda, asiento est\u00e1ndar con \u00e1ngulo regulable manualmente -5\u00ba hasta 22\u00ba, ruedas delanteras de 9 \u00bb macizas, ruedas traseras de 14&#8243; neum\u00e1ticas, respaldo regulable en \u00e1ngulo manualmente y abatible sobre el asiento con tapizado ajustable en tensi\u00f3n<\/p>\n","protected":false},"featured_media":361,"comment_status":"open","ping_status":"closed","template":"","meta":[],"product_brand":[],"product_cat":[33],"product_tag":[],"class_list":{"0":"post-436","1":"product","2":"type-product","3":"status-publish","4":"has-post-thumbnail","6":"product_cat-sillas-electricas","8":"first","9":"instock","10":"taxable","11":"shipping-taxable","12":"product-type-simple"},"_links":{"self":[{"href":"https:\/\/somortopedia.es\/index.php?rest_route=\/wp\/v2\/product\/436","targetHints":{"allow":["GET"]}}],"collection":[{"href":"https:\/\/somortopedia.es\/index.php?rest_route=\/wp\/v2\/product"}],"about":[{"href":"https:\/\/somortopedia.es\/index.php?rest_route=\/wp\/v2\/types\/product"}],"replies":[{"embeddable":true,"href":"https:\/\/somortopedia.es\/index.php?rest_route=%2Fwp%2Fv2%2Fcomments&post=436"}],"wp:featuredmedia":[{"embeddable":true,"href":"https:\/\/somortopedia.es\/index.php?rest_route=\/wp\/v2\/media\/361"}],"wp:attachment":[{"href":"https:\/\/somortopedia.es\/index.php?rest_route=%2Fwp%2Fv2%2Fmedia&parent=436"}],"wp:term":[{"taxonomy":"product_brand","embeddable":true,"href":"https:\/\/somortopedia.es\/index.php?rest_route=%2Fwp%2Fv2%2Fproduct_brand&post=436"},{"taxonomy":"product_cat","embeddable":true,"href":"https:\/\/somortopedia.es\/index.php?rest_route=%2Fwp%2Fv2%2Fproduct_cat&post=436"},{"taxonomy":"product_tag","embeddable":true,"href":"https:\/\/somortopedia.es\/index.php?rest_route=%2Fwp%2Fv2%2Fproduct_tag&post=436"}],"curies":[{"name":"wp","href":"https:\/\/api.w.org\/{rel}","templated":true}]}}