{"id":459,"date":"2017-06-27T16:20:48","date_gmt":"2017-06-27T16:20:48","guid":{"rendered":"http:\/\/somortopedia.es\/?post_type=product&#038;p=459"},"modified":"2017-06-27T16:20:48","modified_gmt":"2017-06-27T16:20:48","slug":"barandillas-abatibles","status":"publish","type":"product","link":"https:\/\/somortopedia.es\/?product=barandillas-abatibles","title":{"rendered":"Barandillas abatibles"},"content":{"rendered":"","protected":false},"excerpt":{"rendered":"<p>Fabricadas en acero cromado. Se adaptan a la mayor\u00eda de las camas y no precisan ninguna herramienta para su instalaci\u00f3n.Se suben y quedan aseguradas de forma aut\u00f3matica. Para bajarlas solo hay que desbloquear el seguro tirando de un pomo. Se suministra en pares. Admite anclaje ancho y estrecho. Ancho total 165 cm. Altura: 42 cm. Anclaje estrecho: medida interior 28 x 60 mm. Anclaje ancho: medida interior 42 x 60 mm.<\/p>\n","protected":false},"featured_media":253,"comment_status":"open","ping_status":"closed","template":"","meta":[],"product_brand":[],"product_cat":[24],"product_tag":[],"class_list":{"0":"post-459","1":"product","2":"type-product","3":"status-publish","4":"has-post-thumbnail","6":"product_cat-camas-varios","8":"first","9":"instock","10":"taxable","11":"shipping-taxable","12":"product-type-simple"},"_links":{"self":[{"href":"https:\/\/somortopedia.es\/index.php?rest_route=\/wp\/v2\/product\/459","targetHints":{"allow":["GET"]}}],"collection":[{"href":"https:\/\/somortopedia.es\/index.php?rest_route=\/wp\/v2\/product"}],"about":[{"href":"https:\/\/somortopedia.es\/index.php?rest_route=\/wp\/v2\/types\/product"}],"replies":[{"embeddable":true,"href":"https:\/\/somortopedia.es\/index.php?rest_route=%2Fwp%2Fv2%2Fcomments&post=459"}],"wp:featuredmedia":[{"embeddable":true,"href":"https:\/\/somortopedia.es\/index.php?rest_route=\/wp\/v2\/media\/253"}],"wp:attachment":[{"href":"https:\/\/somortopedia.es\/index.php?rest_route=%2Fwp%2Fv2%2Fmedia&parent=459"}],"wp:term":[{"taxonomy":"product_brand","embeddable":true,"href":"https:\/\/somortopedia.es\/index.php?rest_route=%2Fwp%2Fv2%2Fproduct_brand&post=459"},{"taxonomy":"product_cat","embeddable":true,"href":"https:\/\/somortopedia.es\/index.php?rest_route=%2Fwp%2Fv2%2Fproduct_cat&post=459"},{"taxonomy":"product_tag","embeddable":true,"href":"https:\/\/somortopedia.es\/index.php?rest_route=%2Fwp%2Fv2%2Fproduct_tag&post=459"}],"curies":[{"name":"wp","href":"https:\/\/api.w.org\/{rel}","templated":true}]}}