{"id":463,"date":"2017-06-27T16:22:50","date_gmt":"2017-06-27T16:22:50","guid":{"rendered":"http:\/\/somortopedia.es\/?post_type=product&#038;p=463"},"modified":"2017-06-27T16:22:50","modified_gmt":"2017-06-27T16:22:50","slug":"cama-alegio","status":"publish","type":"product","link":"https:\/\/somortopedia.es\/?product=cama-alegio","title":{"rendered":"Cama Alegio"},"content":{"rendered":"","protected":false},"excerpt":{"rendered":"<p>Invacare\u00ae Alegio\u00ae 90X190<br \/>\nInnovaci\u00f3n y calidad<br \/>\nLa cama el\u00e9ctrica con carro elevador Invacare\u00ae Alegio\u00ae est\u00e1 destinada a nuestros clientes preocupados por las caracter\u00edsticas t\u00e9cnicas y la fiabilidad.<br \/>\nLa cama m\u00e1s ligera del mercado! Su ligero peso (63 kg) facilitara transporte y puesta en marcha (montaje &#8211; desmontaje por una sola persona). Su altura variable el\u00e9ctricamente de 34 a 78 cm facilitar\u00e1 tanto la autonom\u00eda de los usuarios como el trabajo a los cuidadores. Su somier con nuevos planos (30&#215;40 mm)<\/p>\n","protected":false},"featured_media":215,"comment_status":"open","ping_status":"closed","template":"","meta":[],"product_brand":[],"product_cat":[24],"product_tag":[],"class_list":{"0":"post-463","1":"product","2":"type-product","3":"status-publish","4":"has-post-thumbnail","6":"product_cat-camas-varios","8":"first","9":"instock","10":"taxable","11":"shipping-taxable","12":"product-type-simple"},"_links":{"self":[{"href":"https:\/\/somortopedia.es\/index.php?rest_route=\/wp\/v2\/product\/463","targetHints":{"allow":["GET"]}}],"collection":[{"href":"https:\/\/somortopedia.es\/index.php?rest_route=\/wp\/v2\/product"}],"about":[{"href":"https:\/\/somortopedia.es\/index.php?rest_route=\/wp\/v2\/types\/product"}],"replies":[{"embeddable":true,"href":"https:\/\/somortopedia.es\/index.php?rest_route=%2Fwp%2Fv2%2Fcomments&post=463"}],"wp:featuredmedia":[{"embeddable":true,"href":"https:\/\/somortopedia.es\/index.php?rest_route=\/wp\/v2\/media\/215"}],"wp:attachment":[{"href":"https:\/\/somortopedia.es\/index.php?rest_route=%2Fwp%2Fv2%2Fmedia&parent=463"}],"wp:term":[{"taxonomy":"product_brand","embeddable":true,"href":"https:\/\/somortopedia.es\/index.php?rest_route=%2Fwp%2Fv2%2Fproduct_brand&post=463"},{"taxonomy":"product_cat","embeddable":true,"href":"https:\/\/somortopedia.es\/index.php?rest_route=%2Fwp%2Fv2%2Fproduct_cat&post=463"},{"taxonomy":"product_tag","embeddable":true,"href":"https:\/\/somortopedia.es\/index.php?rest_route=%2Fwp%2Fv2%2Fproduct_tag&post=463"}],"curies":[{"name":"wp","href":"https:\/\/api.w.org\/{rel}","templated":true}]}}