{"id":520,"date":"2017-06-27T17:04:46","date_gmt":"2017-06-27T17:04:46","guid":{"rendered":"http:\/\/somortopedia.es\/?post_type=product&#038;p=520"},"modified":"2017-06-27T17:04:46","modified_gmt":"2017-06-27T17:04:46","slug":"sillon-de-madera-para-wc","status":"publish","type":"product","link":"https:\/\/somortopedia.es\/?product=sillon-de-madera-para-wc","title":{"rendered":"Sillon de madera para wc"},"content":{"rendered":"","protected":false},"excerpt":{"rendered":"<p><span id=\"productPrices\" class=\"productGeneral\">480.99\u00a0 \u20ac*<\/span><\/p>\n<div id=\"productDescription\" class=\"productGeneral biggerText\">Es una silla para utilizar en residencias, junto a la cama en hospitales, o en el hogar. De construcci\u00f3n robusta y fabricada totalmente en madera de la m\u00e1xima calidad, tiene un aspecto atractivo y discreto que disimula perfectamente la funci\u00f3n para la que ha sido dise\u00f1ada. Asiento y respaldo acolchados con materiales ign\u00edfugos de alta resistencia y f\u00e1ciles de limpiar. Ancho total 58,5 cm. Alto total 87 cm. Fondo 48 cm. Altura de asiento 48 cm. Ancho asiento 46 cm. Fondo asiento 48 cm. Peso m\u00e1ximo que soporta 160 Kg. Peso 16,3 Kg.<\/div>\n","protected":false},"featured_media":251,"comment_status":"open","ping_status":"closed","template":"","meta":[],"product_brand":[],"product_cat":[22],"product_tag":[],"class_list":{"0":"post-520","1":"product","2":"type-product","3":"status-publish","4":"has-post-thumbnail","6":"product_cat-sillas-inodoro","8":"first","9":"instock","10":"taxable","11":"shipping-taxable","12":"product-type-simple"},"_links":{"self":[{"href":"https:\/\/somortopedia.es\/index.php?rest_route=\/wp\/v2\/product\/520","targetHints":{"allow":["GET"]}}],"collection":[{"href":"https:\/\/somortopedia.es\/index.php?rest_route=\/wp\/v2\/product"}],"about":[{"href":"https:\/\/somortopedia.es\/index.php?rest_route=\/wp\/v2\/types\/product"}],"replies":[{"embeddable":true,"href":"https:\/\/somortopedia.es\/index.php?rest_route=%2Fwp%2Fv2%2Fcomments&post=520"}],"wp:featuredmedia":[{"embeddable":true,"href":"https:\/\/somortopedia.es\/index.php?rest_route=\/wp\/v2\/media\/251"}],"wp:attachment":[{"href":"https:\/\/somortopedia.es\/index.php?rest_route=%2Fwp%2Fv2%2Fmedia&parent=520"}],"wp:term":[{"taxonomy":"product_brand","embeddable":true,"href":"https:\/\/somortopedia.es\/index.php?rest_route=%2Fwp%2Fv2%2Fproduct_brand&post=520"},{"taxonomy":"product_cat","embeddable":true,"href":"https:\/\/somortopedia.es\/index.php?rest_route=%2Fwp%2Fv2%2Fproduct_cat&post=520"},{"taxonomy":"product_tag","embeddable":true,"href":"https:\/\/somortopedia.es\/index.php?rest_route=%2Fwp%2Fv2%2Fproduct_tag&post=520"}],"curies":[{"name":"wp","href":"https:\/\/api.w.org\/{rel}","templated":true}]}}