{"id":555,"date":"2017-06-27T17:26:33","date_gmt":"2017-06-27T17:26:33","guid":{"rendered":"http:\/\/somortopedia.es\/?post_type=product&#038;p=555"},"modified":"2017-06-27T17:26:33","modified_gmt":"2017-06-27T17:26:33","slug":"asiento-de-ducha-abatible-de-pared","status":"publish","type":"product","link":"https:\/\/somortopedia.es\/?product=asiento-de-ducha-abatible-de-pared","title":{"rendered":"Asiento de ducha abatible de pared"},"content":{"rendered":"","protected":false},"excerpt":{"rendered":"<p><span id=\"productPrices\" class=\"productGeneral\">67.98\u00a0 \u20ac*<\/span><\/p>\n<div id=\"productDescription\" class=\"productGeneral biggerText\">Fabricado en aluminio con recubrimiento expsi de color blanco. Asiento de pl\u00e1stico de forma c\u00f3ncava con desag\u00fce y asideras integradas para mayor sensaci\u00f3n de seguridad. Se puede plegar contra la pared cuando est\u00e1 fuera de uso. Ancho total de 50 cm. Fondo total hasta la pared de 40 cm. Fondo de asiento de 30 cm. Placa de instalaci\u00f3n a la pared de 37 x 15 cm.<\/div>\n","protected":false},"featured_media":247,"comment_status":"open","ping_status":"closed","template":"","meta":[],"product_brand":[],"product_cat":[21],"product_tag":[],"class_list":{"0":"post-555","1":"product","2":"type-product","3":"status-publish","4":"has-post-thumbnail","6":"product_cat-sillas-de-ducha","8":"first","9":"instock","10":"taxable","11":"shipping-taxable","12":"product-type-simple"},"_links":{"self":[{"href":"https:\/\/somortopedia.es\/index.php?rest_route=\/wp\/v2\/product\/555","targetHints":{"allow":["GET"]}}],"collection":[{"href":"https:\/\/somortopedia.es\/index.php?rest_route=\/wp\/v2\/product"}],"about":[{"href":"https:\/\/somortopedia.es\/index.php?rest_route=\/wp\/v2\/types\/product"}],"replies":[{"embeddable":true,"href":"https:\/\/somortopedia.es\/index.php?rest_route=%2Fwp%2Fv2%2Fcomments&post=555"}],"wp:featuredmedia":[{"embeddable":true,"href":"https:\/\/somortopedia.es\/index.php?rest_route=\/wp\/v2\/media\/247"}],"wp:attachment":[{"href":"https:\/\/somortopedia.es\/index.php?rest_route=%2Fwp%2Fv2%2Fmedia&parent=555"}],"wp:term":[{"taxonomy":"product_brand","embeddable":true,"href":"https:\/\/somortopedia.es\/index.php?rest_route=%2Fwp%2Fv2%2Fproduct_brand&post=555"},{"taxonomy":"product_cat","embeddable":true,"href":"https:\/\/somortopedia.es\/index.php?rest_route=%2Fwp%2Fv2%2Fproduct_cat&post=555"},{"taxonomy":"product_tag","embeddable":true,"href":"https:\/\/somortopedia.es\/index.php?rest_route=%2Fwp%2Fv2%2Fproduct_tag&post=555"}],"curies":[{"name":"wp","href":"https:\/\/api.w.org\/{rel}","templated":true}]}}