{"id":643,"date":"2019-08-20T17:54:42","date_gmt":"2019-08-20T17:54:42","guid":{"rendered":"http:\/\/somortopedia.es\/?post_type=product&#038;p=643"},"modified":"2019-08-20T17:55:21","modified_gmt":"2019-08-20T17:55:21","slug":"action-1r","status":"publish","type":"product","link":"https:\/\/somortopedia.es\/?product=action-1r","title":{"rendered":"Action 1R"},"content":{"rendered":"<p>Silla con chasis de acero plegable por cruceta, diable y robusta. Reposabrazos abatibles para facilitar las transferencias. Las almohadillas se pueden montar en dos posiciones: corta o larga, seg\u00fan el soporte que necesita el paciente. Adem\u00e1s se pueden quitar f\u00e1cilmente para el transporte.<\/p>\n<p>Disponible en dos versiones: auto-propulsable con ruedas de radios de 24&#8243; para usuarios m\u00e1s activos y una versi\u00f3n de kit transit con ruedas peque\u00f1as de 12&#8243; para los usuarios m\u00e1s dependientes.<\/p>\n<p>&nbsp;<\/p>\n","protected":false},"excerpt":{"rendered":"<p>Silla con chasis de acero plegable por cruceta, diable y robusta. Reposabrazos abatibles para facilitar las transferencias. Las almohadillas se pueden montar en dos posiciones: corta o larga, seg\u00fan el soporte que necesita el paciente. Adem\u00e1s se pueden quitar f\u00e1cilmente para el transporte. Disponible en dos versiones: auto-propulsable con ruedas de radios de 24&#8243; para [&hellip;]<\/p>\n","protected":false},"featured_media":644,"comment_status":"open","ping_status":"closed","template":"","meta":[],"product_brand":[],"product_cat":[47],"product_tag":[],"class_list":{"0":"post-643","1":"product","2":"type-product","3":"status-publish","4":"has-post-thumbnail","6":"product_cat-sillas-de-acero","8":"first","9":"instock","10":"taxable","11":"shipping-taxable","12":"product-type-simple"},"_links":{"self":[{"href":"https:\/\/somortopedia.es\/index.php?rest_route=\/wp\/v2\/product\/643","targetHints":{"allow":["GET"]}}],"collection":[{"href":"https:\/\/somortopedia.es\/index.php?rest_route=\/wp\/v2\/product"}],"about":[{"href":"https:\/\/somortopedia.es\/index.php?rest_route=\/wp\/v2\/types\/product"}],"replies":[{"embeddable":true,"href":"https:\/\/somortopedia.es\/index.php?rest_route=%2Fwp%2Fv2%2Fcomments&post=643"}],"wp:featuredmedia":[{"embeddable":true,"href":"https:\/\/somortopedia.es\/index.php?rest_route=\/wp\/v2\/media\/644"}],"wp:attachment":[{"href":"https:\/\/somortopedia.es\/index.php?rest_route=%2Fwp%2Fv2%2Fmedia&parent=643"}],"wp:term":[{"taxonomy":"product_brand","embeddable":true,"href":"https:\/\/somortopedia.es\/index.php?rest_route=%2Fwp%2Fv2%2Fproduct_brand&post=643"},{"taxonomy":"product_cat","embeddable":true,"href":"https:\/\/somortopedia.es\/index.php?rest_route=%2Fwp%2Fv2%2Fproduct_cat&post=643"},{"taxonomy":"product_tag","embeddable":true,"href":"https:\/\/somortopedia.es\/index.php?rest_route=%2Fwp%2Fv2%2Fproduct_tag&post=643"}],"curies":[{"name":"wp","href":"https:\/\/api.w.org\/{rel}","templated":true}]}}